{"id":1468,"date":"2019-03-26T17:17:50","date_gmt":"2019-03-26T16:17:50","guid":{"rendered":"http:\/\/poczuj-miete-do-csr.pl\/?page_id=1468"},"modified":"2019-03-26T17:17:50","modified_gmt":"2019-03-26T16:17:50","slug":"moje-artykuly-na-innych-stronach","status":"publish","type":"page","link":"https:\/\/poczuj-miete-do-csr.pl\/index.php\/moje-artykuly-na-innych-stronach\/","title":{"rendered":"Moje artyku\u0142y na innych stronach"},"content":{"rendered":"<div class=\"page-header\">\n<h3><a href=\"http:\/\/www.pih.org.pl\/index.php\/1848-czym-jest-csr-i-dlaczego-warto-go-wprowadzac\">Czym jest CSR i dlaczego warto go wprowadza\u0107<\/a><\/h3>\n<p><img loading=\"lazy\" decoding=\"async\" class=\"alignnone size-large wp-image-1299\" src=\"http:\/\/poczuj-miete-do-csr.pl\/wp-content\/uploads\/2018\/09\/377369-PBPLJS-633-1-1024x1024.jpg\" alt=\"\" width=\"635\" height=\"635\" \/><\/p>\n<p>http:\/\/www.pih.org.pl\/index.php\/1848-czym-jest-csr-i-dlaczego-warto-go-wprowadzac<\/p>\n<h3><a href=\"http:\/\/www.pih.org.pl\/index.php\/1857-jak-wprowadzic-csr-do-sklepu-10-pomyslow-na-dobry-start\">Jak wprowadzi\u0107 CSR do sklepu \u2013 10 pomys\u0142\u00f3w na dobry start<\/a><\/h3>\n<p><img loading=\"lazy\" decoding=\"async\" class=\"alignnone size-large wp-image-1426\" src=\"http:\/\/poczuj-miete-do-csr.pl\/wp-content\/uploads\/2019\/02\/tim-mossholder-555758-unsplash-1024x683.jpg\" alt=\"\" width=\"635\" height=\"424\" \/><\/p>\n<p>http:\/\/www.pih.org.pl\/index.php\/1857-jak-wprowadzic-csr-do-sklepu-10-pomyslow-na-dobry-start<\/p>\n<h3><a href=\"http:\/\/www.pih.org.pl\/index.php\/1883-czy-da-sie-ograniczyc-zuzycie-plastiku-prowadzac-sklep\">Czy da si\u0119 ograniczy\u0107 zu\u017cycie plastiku prowadz\u0105c sklep?<\/a><\/h3>\n<\/div>\n<div><img loading=\"lazy\" decoding=\"async\" class=\"alignnone size-large wp-image-1428\" src=\"http:\/\/poczuj-miete-do-csr.pl\/wp-content\/uploads\/2019\/02\/nrd-1169664-unsplash-1024x768-1024x768.jpg\" alt=\"\" width=\"635\" height=\"476\" \/><\/div>\n<p>http:\/\/www.pih.org.pl\/index.php\/1883-czy-da-sie-ograniczyc-zuzycie-plastiku-prowadzac-sklep<\/p>\n<h3><a href=\"http:\/\/www.pih.org.pl\/index.php\/1864-sklepy-a-marnowanie-zywnosci\">Sklepy a marnowanie \u017cywno\u015bci<\/a><\/h3>\n<p><img loading=\"lazy\" decoding=\"async\" class=\"alignnone size-large wp-image-1421\" src=\"http:\/\/poczuj-miete-do-csr.pl\/wp-content\/uploads\/2019\/02\/del-barrett-527755-unsplash-1024x681.jpg\" alt=\"\" width=\"635\" height=\"422\" \/><\/p>\n<p>http:\/\/www.pih.org.pl\/index.php\/1864-sklepy-a-marnowanie-zywnosci<\/p>\n<h3 class=\"post-title entry-title\"><a href=\"http:\/\/newsletterwmiejskiejkniei.blogspot.com\/2019\/03\/godne-uwagi-plastik-nie-jest-fantastic.html\">Plastik nie jest fantastic<\/a><\/h3>\n<p><img loading=\"lazy\" decoding=\"async\" class=\"alignnone size-large wp-image-1476\" src=\"http:\/\/poczuj-miete-do-csr.pl\/wp-content\/uploads\/2019\/03\/44444-1024x683.jpg\" alt=\"\" width=\"635\" height=\"424\" \/><\/p>\n<p>http:\/\/newsletterwmiejskiejkniei.blogspot.com\/2019\/03\/godne-uwagi-plastik-nie-jest-fantastic.html<\/p>\n<h3 class=\"post-title entry-title\"><a href=\"http:\/\/newsletterwmiejskiejkniei.blogspot.com\/2018\/12\/godne-uwagi-wojna-z-plastikiem-juz-trwa.html\">Wojna z plastikiem ju\u017c trwa<\/a><\/h3>\n<p><img loading=\"lazy\" decoding=\"async\" class=\"alignnone size-large wp-image-1477\" src=\"http:\/\/poczuj-miete-do-csr.pl\/wp-content\/uploads\/2019\/03\/111-1024x768.jpg\" alt=\"\" width=\"635\" height=\"476\" \/><\/p>\n<p>http:\/\/newsletterwmiejskiejkniei.blogspot.com\/2018\/12\/godne-uwagi-wojna-z-plastikiem-juz-trwa.html<\/p>\n<h3 class=\"post-title entry-title\"><a href=\"http:\/\/newsletterwmiejskiejkniei.blogspot.com\/2017\/03\/godne-uwagi-powrot-do-korzeni.html\">Powr\u00f3t do korzeni<\/a><\/h3>\n<p><img loading=\"lazy\" decoding=\"async\" class=\"alignnone size-large wp-image-1478\" src=\"http:\/\/poczuj-miete-do-csr.pl\/wp-content\/uploads\/2019\/03\/16910652_1720263464669890_2107323554_o-868x1024.jpg\" alt=\"\" width=\"635\" height=\"749\" \/><\/p>\n<p>http:\/\/newsletterwmiejskiejkniei.blogspot.com\/2017\/03\/godne-uwagi-powrot-do-korzeni.html<\/p>\n<h3><\/h3>\n<h3 class=\"post-title entry-title\"><a href=\"http:\/\/newsletterwmiejskiejkniei.blogspot.com\/2016\/09\/lesna-pasja-ze-szklanej-dzungli-do.html\">Ze szklanej d\u017cungli do serca lasu, czyli dlaczego pracownicy korporacji pokochali survival.<\/a><\/h3>\n<p><img loading=\"lazy\" decoding=\"async\" class=\"alignnone size-large wp-image-1479\" src=\"http:\/\/poczuj-miete-do-csr.pl\/wp-content\/uploads\/2019\/03\/Dan-Edwards-1024x682.jpg\" alt=\"\" width=\"635\" height=\"423\" \/><\/p>\n<p>http:\/\/newsletterwmiejskiejkniei.blogspot.com\/2016\/09\/lesna-pasja-ze-szklanej-dzungli-do.html<\/p>\n","protected":false},"excerpt":{"rendered":"<p>Czym jest CSR i dlaczego warto go wprowadza\u0107 http:\/\/www.pih.org.pl\/index.php\/1848-czym-jest-csr-i-dlaczego-warto-go-wprowadzac Jak wprowadzi\u0107 CSR do sklepu \u2013 10 pomys\u0142\u00f3w na dobry start http:\/\/www.pih.org.pl\/index.php\/1857-jak-wprowadzic-csr-do-sklepu-10-pomyslow-na-dobry-start Czy da si\u0119 ograniczy\u0107 zu\u017cycie plastiku prowadz\u0105c sklep? http:\/\/www.pih.org.pl\/index.php\/1883-czy-da-sie-ograniczyc-zuzycie-plastiku-prowadzac-sklep Sklepy a marnowanie \u017cywno\u015bci http:\/\/www.pih.org.pl\/index.php\/1864-sklepy-a-marnowanie-zywnosci Plastik nie jest fantastic http:\/\/newsletterwmiejskiejkniei.blogspot.com\/2019\/03\/godne-uwagi-plastik-nie-jest-fantastic.html Wojna z plastikiem ju\u017c trwa http:\/\/newsletterwmiejskiejkniei.blogspot.com\/2018\/12\/godne-uwagi-wojna-z-plastikiem-juz-trwa.html Powr\u00f3t do korzeni http:\/\/newsletterwmiejskiejkniei.blogspot.com\/2017\/03\/godne-uwagi-powrot-do-korzeni.html Ze szklanej d\u017cungli do serca lasu, czyli dlaczego pracownicy korporacji pokochali survival. http:\/\/newsletterwmiejskiejkniei.blogspot.com\/2016\/09\/lesna-pasja-ze-szklanej-dzungli-do.html<\/p>\n","protected":false},"author":1,"featured_media":0,"parent":0,"menu_order":0,"comment_status":"closed","ping_status":"closed","template":"","meta":{"om_disable_all_campaigns":false,"_monsterinsights_skip_tracking":false,"_monsterinsights_sitenote_active":false,"_monsterinsights_sitenote_note":"","_monsterinsights_sitenote_category":0,"_uf_show_specific_survey":0,"_uf_disable_surveys":false,"footnotes":""},"class_list":["post-1468","page","type-page","status-publish","hentry"],"aioseo_notices":[],"_links":{"self":[{"href":"https:\/\/poczuj-miete-do-csr.pl\/index.php\/wp-json\/wp\/v2\/pages\/1468","targetHints":{"allow":["GET"]}}],"collection":[{"href":"https:\/\/poczuj-miete-do-csr.pl\/index.php\/wp-json\/wp\/v2\/pages"}],"about":[{"href":"https:\/\/poczuj-miete-do-csr.pl\/index.php\/wp-json\/wp\/v2\/types\/page"}],"author":[{"embeddable":true,"href":"https:\/\/poczuj-miete-do-csr.pl\/index.php\/wp-json\/wp\/v2\/users\/1"}],"replies":[{"embeddable":true,"href":"https:\/\/poczuj-miete-do-csr.pl\/index.php\/wp-json\/wp\/v2\/comments?post=1468"}],"version-history":[{"count":0,"href":"https:\/\/poczuj-miete-do-csr.pl\/index.php\/wp-json\/wp\/v2\/pages\/1468\/revisions"}],"wp:attachment":[{"href":"https:\/\/poczuj-miete-do-csr.pl\/index.php\/wp-json\/wp\/v2\/media?parent=1468"}],"curies":[{"name":"wp","href":"https:\/\/api.w.org\/{rel}","templated":true}]}}