{"id":72,"date":"2016-03-08T22:05:24","date_gmt":"2016-03-08T21:05:24","guid":{"rendered":"http:\/\/poczuj-miete-do-csr.blog.pl\/?page_id=72"},"modified":"2024-08-12T12:09:39","modified_gmt":"2024-08-12T12:09:39","slug":"o-mnie-slow-kilka","status":"publish","type":"page","link":"https:\/\/poczuj-miete-do-csr.pl\/index.php\/o-mnie-slow-kilka\/","title":{"rendered":"O autorce"},"content":{"rendered":"<p><strong>Katarzyna Stobiecka (Zapa\u0142a)<\/strong><\/p>\n<p>Prywatnie<strong> pasjonatka idei spo\u0142ecznej odpowiedzialno\u015bci biznesu<\/strong>, m\u0142oda mama i zdeklarowany zwierzolub, aktywnie dzia\u0142aj\u0105ca na rzecz schronisk oraz sadzenia drzew, w ramach w\u0142asnej fundacji Zalesiacze. Od lat wspieram swoja prac\u0105 program mentoringowy dla kobiet Projekt Busola.<\/p>\n<p><img loading=\"lazy\" decoding=\"async\" class=\"size-large wp-image-1866 aligncenter\" src=\"http:\/\/poczuj-miete-do-csr.pl\/wp-content\/uploads\/2020\/04\/Zdj\u0119cie.jpg\" alt=\"\" width=\"439\" height=\"598\" \/><\/p>\n<p>Zawodowo w\u0142a\u015bcicielka w\u0142asnej dzia\u0142alno\u015bci pracuj\u0105ca jako <strong>ESG Consultant<\/strong>\u00a0 i autorka bloga \ud83d\ude42<\/p>\n<p><strong>Jak zacz\u0119\u0142a si\u0119 moja przygoda z CSR?<\/strong><\/p>\n<p>W czasie studi\u00f3w w ramach dzia\u0142alno\u015bci w stowarzyszeniu studenckim IAAS dowiedzia\u0142am si\u0119 w czasie warsztat\u00f3w, czym jest CSR, idea ta zaw\u0142adn\u0119\u0142a moimi my\u015blami i sta\u0142a si\u0119 moj\u0105 pasj\u0105 \ud83d\ude42<\/p>\n<p>Aby rozwija\u0107 swoj\u0105 wiedz\u0119 w tym temacie wzi\u0119\u0142am udzia\u0142 w<strong> 9 edycji projektu Ambasador\u00f3w Ligi Odpowiedzialnego Biznesu.<\/strong> Masa warsztat\u00f3w i spotka\u0144 z praktykami utwierdzi\u0142y mnie w przekonaniu, \u017ce Spo\u0142eczna Odpowiedzialno\u015b\u0107 Biznesu ma ogromny potencja\u0142 i jest w\u0142a\u015bciw\u0105 drog\u0105, kt\u00f3r\u0105 powinien pod\u0105\u017ca\u0107 biznes.<\/p>\n<p>Aby dok\u0142adniej zg\u0142\u0119bi\u0107 tematyk\u0119 CSR, na temat mojej pracy magisterskiej wybra\u0142am <em>Spo\u0142eczn\u0105 Odpowiedzialno\u015b\u0107 Firm z bran\u017cy spo\u017cywczej w opinii m\u0142odych konsument\u00f3w.<\/em><\/p>\n<p>Swoj\u0105 wiedz\u0119 ca\u0142y czas uzupe\u0142niam czytaj\u0105c artyku\u0142y bran\u017cowe oraz ksi\u0105\u017cki, postanowi\u0142am wykorzysta\u0107 to, co ju\u017c wiem i podzieli\u0107 si\u0119 swoimi przemy\u015bleniami na temat spo\u0142ecznej odpowiedzialno\u015bci biznesu tworz\u0105c <strong>bloga<\/strong> o tej tematyce.<\/p>\n<p>Obserwuje transformacj\u0119 CSR w ESG i zmieniaj\u0105ca si\u0119 taksonomi\u0119, wci\u0105\u017c dowiaduj\u0119 si\u0119 czego\u015b nowego.<\/p>\n<p>Mam nadziej\u0119, \u017ce uda mi si\u0119 przekaza\u0107 na nim, czym jest dla mnie idea spo\u0142ecznej odpowiedzialno\u015bci i czym mo\u017ce by\u0107 dla \u015awiata \ud83d\ude42<!--more--><\/p>\n<p>&nbsp;<\/p>\n\n\n<p><\/p>\n","protected":false},"excerpt":{"rendered":"<p>Katarzyna Stobiecka (Zapa\u0142a) Prywatnie pasjonatka idei spo\u0142ecznej odpowiedzialno\u015bci biznesu, m\u0142oda mama i zdeklarowany zwierzolub, aktywnie dzia\u0142aj\u0105ca na rzecz schronisk oraz sadzenia drzew, w ramach w\u0142asnej fundacji Zalesiacze. Od lat wspieram swoja prac\u0105 program mentoringowy dla kobiet Projekt Busola. Zawodowo w\u0142a\u015bcicielka w\u0142asnej dzia\u0142alno\u015bci pracuj\u0105ca jako ESG Consultant\u00a0 i autorka bloga \ud83d\ude42 Jak zacz\u0119\u0142a si\u0119 moja przygoda z CSR? W czasie studi\u00f3w w ramach dzia\u0142alno\u015bci w stowarzyszeniu studenckim IAAS dowiedzia\u0142am si\u0119 w czasie warsztat\u00f3w, czym jest CSR, idea ta zaw\u0142adn\u0119\u0142a moimi my\u015blami i sta\u0142a si\u0119 moj\u0105 pasj\u0105 \ud83d\ude42 Aby rozwija\u0107 swoj\u0105 wiedz\u0119 w tym temacie wzi\u0119\u0142am udzia\u0142 w 9 edycji projektu Ambasador\u00f3w Ligi Odpowiedzialnego Biznesu. Masa warsztat\u00f3w i spotka\u0144 z praktykami utwierdzi\u0142y mnie w przekonaniu, \u017ce Spo\u0142eczna Odpowiedzialno\u015b\u0107 Biznesu ma ogromny potencja\u0142 i jest w\u0142a\u015bciw\u0105 drog\u0105, kt\u00f3r\u0105 powinien pod\u0105\u017ca\u0107 biznes. Aby dok\u0142adniej zg\u0142\u0119bi\u0107 tematyk\u0119 CSR, na temat mojej pracy magisterskiej wybra\u0142am Spo\u0142eczn\u0105 Odpowiedzialno\u015b\u0107 Firm z bran\u017cy spo\u017cywczej w opinii m\u0142odych konsument\u00f3w. Swoj\u0105 wiedz\u0119 ca\u0142y czas uzupe\u0142niam czytaj\u0105c artyku\u0142y bran\u017cowe oraz ksi\u0105\u017cki, postanowi\u0142am wykorzysta\u0107 to, co ju\u017c wiem i podzieli\u0107 si\u0119 swoimi przemy\u015bleniami na temat spo\u0142ecznej odpowiedzialno\u015bci biznesu tworz\u0105c bloga o tej tematyce. Obserwuje transformacj\u0119 CSR w ESG i zmieniaj\u0105ca si\u0119 taksonomi\u0119, wci\u0105\u017c dowiaduj\u0119 si\u0119 czego\u015b nowego. Mam nadziej\u0119, \u017ce uda mi si\u0119 przekaza\u0107 na nim, czym jest dla mnie idea spo\u0142ecznej odpowiedzialno\u015bci i czym mo\u017ce by\u0107 dla \u015awiata \ud83d\ude42<\/p>\n","protected":false},"author":1,"featured_media":0,"parent":0,"menu_order":0,"comment_status":"open","ping_status":"open","template":"","meta":{"om_disable_all_campaigns":false,"_monsterinsights_skip_tracking":false,"_monsterinsights_sitenote_active":false,"_monsterinsights_sitenote_note":"","_monsterinsights_sitenote_category":0,"_uf_show_specific_survey":0,"_uf_disable_surveys":false,"footnotes":""},"class_list":["post-72","page","type-page","status-publish","hentry"],"aioseo_notices":[],"_links":{"self":[{"href":"https:\/\/poczuj-miete-do-csr.pl\/index.php\/wp-json\/wp\/v2\/pages\/72","targetHints":{"allow":["GET"]}}],"collection":[{"href":"https:\/\/poczuj-miete-do-csr.pl\/index.php\/wp-json\/wp\/v2\/pages"}],"about":[{"href":"https:\/\/poczuj-miete-do-csr.pl\/index.php\/wp-json\/wp\/v2\/types\/page"}],"author":[{"embeddable":true,"href":"https:\/\/poczuj-miete-do-csr.pl\/index.php\/wp-json\/wp\/v2\/users\/1"}],"replies":[{"embeddable":true,"href":"https:\/\/poczuj-miete-do-csr.pl\/index.php\/wp-json\/wp\/v2\/comments?post=72"}],"version-history":[{"count":2,"href":"https:\/\/poczuj-miete-do-csr.pl\/index.php\/wp-json\/wp\/v2\/pages\/72\/revisions"}],"predecessor-version":[{"id":2438,"href":"https:\/\/poczuj-miete-do-csr.pl\/index.php\/wp-json\/wp\/v2\/pages\/72\/revisions\/2438"}],"wp:attachment":[{"href":"https:\/\/poczuj-miete-do-csr.pl\/index.php\/wp-json\/wp\/v2\/media?parent=72"}],"curies":[{"name":"wp","href":"https:\/\/api.w.org\/{rel}","templated":true}]}}